- 4/14. Let i(r) = o*r - r + p*r. Give i(5).
5
Suppose 3*j = 4*k - 2*j - 9, -2*k = 2*j. Let s(q) be the second derivative of 3*q**3/2 + q**2/2 - 2*q - 48. Give s(k).
10
Let f(j) be the first derivative of j**4/4 + 7*j**3/3 + 3*j**2 - 21*j + 304. Give f(-5).
-1
Let d(w) = w - 1. Suppose 7*t - 4 - 10 = 0. Suppose -6 = t*b + 10. Give d(b).
-9
Let d(h) = -h**2 - 4*h + 14. Suppose x = -14*x + 30. Calculate d(x).
2
Suppose 12*l - 11*l = -13*l. Let w(y) = y**3 - y**2 - 66. Give w(l).
-66
Let z(b) = 4*b**2 - 7*b - 2. Let i(d) = -5*d**2 + 9*d + 2. Let s(y) = -3*i(y) - 4*z(y). Determine s(-3).
-10
Let z(t) = t**2 - 5*t + 3. Let g be z(4). Let o(h) = -4*h - 4. Let d(q) = -21*q - 22. Let w(j) = -6*d(j) + 33*o(j). What is w(g)?
6
Let m(s) = 10*s**2 + 3*s + 3. Let v(z) = 19*z**2 + 6*z + 6. Let o(w) = -11*m(w) + 6*v(w). What is o(-2)?
13
Let q(n) = -7 + 7 + 35*n - 1 - 11 - 34*n. Give q(7).
-5
Let v(o) = o + 6. Let p(j) = j + 10. Suppose -4*l + 0*l = 0. Let a be p(l). Suppose 0*g = 2*h + g + a, 0 = 4*h - g + 8. Calculate v(h).
3
Let l = 186 + -177. Let k(d) = -2*d + 2. What is k(l)?
-16
Let b(s) = 1 + 59*s - 4*s**3 - 59*s + s**2 - 2*s**2 + 3*s**3. Calculate b(0).
1
Let x(d) = -d**3 - 6*d**2 + 3*d + 3. Suppose -2 = -i, -5*r + 2*i + 11 = 35. Calculate x(r).
-41
Let x(p) be the first derivative of -p**3/3 - 4. Suppose 4*m + 40 = -4*y, -2*m - 18 = -m + 5*y. Let z be (-4)/(m/2)*-2. Give x(z).
-4
Suppose -6 = -p + g, 3*g = p + 8*g. Suppose 0 = l + p + 8. Let c = 13 + l. Let a(m) = m**3 - m + 11. Calculate a(c).
11
Let q(h) = 2 - 2*h**3 + h**3 + 5 + 7. Let l(i) = -i**3 + 24*i**2 - 24*i + 23. Let d be l(23). Calculate q(d).
14
Let t(l) = 6*l**2 - l. Suppose 0 = -a - a - 4*s + 124, -a - 5*s + 47 = 0. Suppose 2*k = 70 - a. Determine t(k).
7
Let g(i) be the second derivative of i**3/3 + 2*i - 304. Give g(-2).
-4
Let g(k) = k**2 - 3 + 5 + 6*k - 5. Let r be 7/(-21)*9*(-3)/27*-18. Calculate g(r).
-3
Let k be (1/3)/((-1)/(-15)). Let s(q) be the first derivative of -q**3/6 + 2*q**2 - 37*q + 32. Let d(n) be the first derivative of s(n). Give d(k).
-1
Let z = 1268 - 1263. Let u(a) = 5*a - 27. Calculate u(z).
-2
Let k be 210/(-40) - 6/8. Let x(z) = z**3 + 11*z**2 - 12*z - 3. Let s(b) = -b**3 - 10*b**2 + 11*b + 2. Let y(h) = -6*s(h) - 5*x(h). What is y(k)?
3
Let o(n) = -21*n**2 + 1108*n + 267. Let x be o(53). Let c(a) = -2 + a - 5*a + 0*a. Calculate c(x).
-10
Suppose 80*b + 18 = 82*b. Let a(o) = o**2 - 12*o + 27. Determine a(b).
0
Let n(w) = w**2 + 6. Suppose -2*z = 4*q + 7 - 17, 4*q = 0. Suppose 4*y + 5 = -l, -z*l - 25 = 3*y + 2*y. Give n(y).
6
Let v be ((-20)/35)/((-2)/7). Let w(b) = -b**v - 3*b**2 + 8 - 8. Give w(1).
-4
Let n(w) = w**3 - 5*w**2 + 4*w - 6. Suppose -4*y + 85 = 1. Let a be 2/(6/y) + -3 + 0. Calculate n(a).
-6
Let r(s) be the second derivative of -4*s + 0 - 1/24*s**4 + 1/2*s**3 + 5/2*s**2. Let k(t) be the first derivative of r(t). Determine k(-4).
7
Suppose -3*f + 2*f - 4 = 0. Let y = -7 - f. Let t(v) = 3*v**2 + 54*v + 11. Let q(g) = g**2 + 19*g + 4. Let n(k) = 17*q(k) - 6*t(k). Give n(y).
-4
Suppose -2*s + 4 = -4*m, 5*m - 7*m = 4*s - 38. Let y(j) = -2*j**3 - j**2 - 2. Let g be y(-2). Let h = g - s. Let u(r) = -r**3 - r**2 + r + 1. What is u(h)?
-9
Let z(s) = 1 + 2 + 5*s + 12*s**2 - 3*s. Let x(t) = t**2 - t - 1. Suppose 4*d - 10 = -d. Let a(q) = d*x(q) + z(q). Give a(1).
15
Let l = -498 + 501. Let p(u) = u**3 - 6*u**2 + u + 1. Let h(d) = -d**2. Let o(q) = 3*h(q) - p(q). Give o(l).
-4
Let k(u) = -u**3 + 2*u**2 + 6*u + 4. Let q be k(3). Let f(z) = -q + 0 + 10 - 2*z + 10. Let w = -3 + 9. Give f(w).
-5
Let z(q) = -q**3 - 2*q**2 + 5*q + 5. Suppose -3 = 5*t + h + 2, 20 = -5*t - 4*h. Suppose -10 = i + 2*a, -2*a - 2 = -i - t*a. Determine z(i).
17
Let n(a) = 2*a - 15. Let q = -638 + 646. Give n(q).
1
Let k(d) be the second derivative of d**4/6 - d**3/2 - 11*d**2 - 20*d + 6. Calculate k(-3).
5
Let a(z) = -z**2 + 24*z + 379. Let c be a(-11). Let k(r) = 5*r + 1. Let v(w) = 2*w. Let o(l) = -3*k(l) + 8*v(l). Determine o(c).
-9
Let w(z) = -z**3 - 5*z**2 - 7*z. Let u(t) = -3*t - 33. Let n be u(-10). Calculate w(n).
3
Let w(p) = -p**2 - 3*p. Let t = 25 - 25. Suppose 4*s + 15 = -y - t, 0 = 2*s - 2*y. Give w(s).
0
Let d(y) = y**2 + 8*y + 5. Suppose -4*c - 12 = 4*x, 0 = 3*x + 2*x - 2*c + 43. Give d(x).
-2
Let k(p) = 2*p - 5. Let i(t) = t + 6. Let o be i(-7). Let g = o - -1. Let m = g - -5. Give k(m).
5
Let i(z) = 11*z**2 + z + 1. Let y(g) = -18*g**2 - 3*g - 3. Let r(q) = -5*i(q) - 3*y(q). Suppose 3*j = 5*b - 17, -3*b + j = 2*b - 19. What is r(b)?
4
Let n(z) be the first derivative of z**4/24 - z**3/6 + 2*z**2 - 3. Let c(d) be the second derivative of n(d). Give c(-3).
-4
Let c = -13 + 28. Suppose -4*s + 13 = -c. Let d(f) be the third derivative of f**6/120 - 2*f**5/15 + f**4/6 + 5*f**3/3 - 2*f**2. Give d(s).
-11
Let n(d) = -3*d - 13. Let l(p) = -p - 7. Let f(k) = 5*l(k) - 2*n(k). Suppose 40*o = 102 + 178. Let w be f(o). Let a(z) = -2*z - 2. Determine a(w).
2
Let b(u) = 13*u + 1. Let l = 77 + -77. Let g be 4 - (2 - l - -1). Determine b(g).
14
Let d(v) = 3*v**2 + 10*v + 2. Let h be d(-3). Let k(z) be the first derivative of 7*z**4/2 + 2*z**3/3 - z - 3. Determine k(h).
-13
Let p = -1661 + 1659. Let g(m) = 3*m - 6*m - m**3 + 2*m - 2*m**2 - 1. Calculate g(p).
1
Suppose 4*r = -7 + 15. Let a(v) = v**r - 63*v + 119*v + 6 - 64*v. Give a(6).
-6
Let q(z) be the first derivative of z**3 - z**2/2 - z + 94. Determine q(-2).
13
Let k(a) = 2*a. Let p(l) = 17*l + 10. Let c(g) = 18*k(g) - 2*p(g). What is c(12)?
4
Let j = -4 + 9. Let b(s) be the third derivative of -s**7/840 + s**6/60 - s**5/20 - s**3/2 + s**2. Let o(n) be the first derivative of b(n). Determine o(j).
-5
Let j(w) be the third derivative of -w**6/120 + 3*w**5/20 + w**4/12 - w**3/2 + 13*w**2. Calculate j(9).
15
Let s(p) = p**2 + 4*p - 4. Let b(q) = -1. Let o(t) = b(t) + s(t). What is o(-5)?
0
Suppose -4 - 1 = t, -3*n - 60 = 3*t. Let b = -15 - n. Suppose x + 4*x + 30 = b. Let p(r) = r**2 + 4*r - 5. What is p(x)?
7
Let u(c) = -7*c - 15. Let d(r) = 5*r + 12. Let h(x) = 4*d(x) + 3*u(x). Determine h(8).
-5
Suppose 21*c = 7 - 7. Let t(h) = h**3 + h**2 + 3. Give t(c).
3
Let j be (-147)/35 + 55/25. Let n(r) = -3*r**3 - 6*r**2 - 2*r. Determine n(j).
4
Let c(j) = j + 6. Let k be c(-5). Suppose g + 4*d + k = 0, -5*d + d = -5*g + 19. Let u(y) = 6 - 1 + 6*y**g - 3*y**3 - 4 - y**2. What is u(1)?
3
Let b(x) = x**3 - 4*x**2 - 10*x - 8. Let h be b(6). Suppose -h*m - 13 + 21 = 0. Let i(c) = 2*c - 3. Determine i(m).
1
Let i(h) = -9*h**3 - 2*h**2 + 2*h - 3. Let q(w) = -4*w**3 - 29*w**2 - 1 + 11*w**2 + 17*w**2 + w. Let p(k) = -3*i(k) + 7*q(k). Give p(-3).
17
Let l(w) be the first derivative of -w**2/2 - 6*w - 58. Determine l(-9).
3
Let y(w) = -w**3 + 3*w**2 + 3*w - 1. Let j(h) = -h**2 + 16*h - 20. Let g be j(14). Let q be (-12)/2*(-4)/g. Calculate y(q).
8
Let g = -765 - -769. Let q(z) be the third derivative of -6*z**2 + 0*z - 1/60*z**5 + 0 - 1/8*z**g + 5/6*z**3. Calculate q(-5).
-5
Let v(o) = -o**2 + 14*o + 7. Let c(i) = i**2 - 14*i - 8. Let f(y) = -3*c(y) - 2*v(y). Calculate f(13).
23
Let k(a) = 8*a + 5. Let z(f) = 3*f + 2. Let x(n) = 6*k(n) - 17*z(n). Let p(u) = -15*u + 14. Let v be p(1). Let j be (-1 + v)/((-10)/(-15)). Calculate x(j).
5
Let a(p) = 5*p + 199. Let w be a(-39). Let v(o) = -4*o - 2. What is v(w)?
-18
Let v(c) = 4*c + 7. Let d(z) = -2*z - 4. Let g(s) = -5*d(s) - 3*v(s). Calculate g(0).
-1
Let b(p) = -2*p**2 + 268*p**3 - 269*p**3 - 6 + 2*p - 4*p. Calculate b(0).
-6
Let s(j) = -2*j + 3*j + 10*j - 12*j + 4. Give s(0).
4
Let u = 0 + 2. Let f(s) = 14*s**2 - 2*s - s**3 + 13*s**2 - 29*s**2 + 3. Give f(u).
-17
Let a(u) = -u**2 + 2*u + 13. Suppose -d - i + 1 = 0, 3*d = 156*i - 153*i + 27. What is a(d)?
-2
Let s(h) = -h**2 - 10*h + 2. Suppose 0 = 2*d - 0 + 20. Let f be s(d). Let w(c) be the third derivative of c**5/60 - c**2. Determine w(f).
4
Let b = -414 - -412. Let m(i) = 2*i**3 - i + 1. Determine m(b).
-13
Let p(o) = -13*o**2 - 3*o + 5. Let v(q) = 6*q**2 + q - 2. Let h(g) = 4*p(g) + 9*v(g). Calculate h(1).
1
Let b(q) = 2*q + 2*q + 4 + 4*q - q - 3*q. Let o(m) = m + 10. Let w be o(-7). Suppose -5*l - 6 = -w*l. Determine b(l).
-8
Let r(c) = 4*c**2 + 7*c - 7. Let u(x) = 3*x**2 + 8*x - 8. Let d(k) = 4*r(k) - 5*u(k). Calculate d(8).
-20
Let t(k) =